{"id":646,"date":"2021-04-27T15:38:30","date_gmt":"2021-04-27T13:38:30","guid":{"rendered":"https:\/\/www.natuurlijknatasja.eu\/?page_id=646"},"modified":"2025-12-05T15:13:19","modified_gmt":"2025-12-05T14:13:19","slug":"testpagina","status":"publish","type":"page","link":"https:\/\/www.natuurlijknatasja.eu\/?page_id=646","title":{"rendered":"Aroma touch"},"content":{"rendered":"\t\t<div data-elementor-type=\"wp-page\" data-elementor-id=\"646\" class=\"elementor elementor-646\">\n\t\t\t\t\t\t<section class=\"elementor-section elementor-top-section elementor-element elementor-element-dfdca0f elementor-section-height-min-height elementor-section-boxed elementor-section-height-default elementor-section-items-middle\" data-id=\"dfdca0f\" data-element_type=\"section\" data-e-type=\"section\" data-settings=\"{&quot;background_background&quot;:&quot;classic&quot;}\">\n\t\t\t\t\t\t\t<div class=\"elementor-background-overlay\"><\/div>\n\t\t\t\t\t\t\t<div class=\"elementor-container elementor-column-gap-default\">\n\t\t\t\t\t<div class=\"elementor-column elementor-col-100 elementor-top-column elementor-element elementor-element-26d6f55\" data-id=\"26d6f55\" data-element_type=\"column\" data-e-type=\"column\">\n\t\t\t<div class=\"elementor-widget-wrap elementor-element-populated\">\n\t\t\t\t\t\t<div class=\"elementor-element elementor-element-014d6e2 elementor-widget elementor-widget-text-editor\" data-id=\"014d6e2\" data-element_type=\"widget\" data-e-type=\"widget\" data-widget_type=\"text-editor.default\">\n\t\t\t\t<div class=\"elementor-widget-container\">\n\t\t\t\t\t\t\t\t\t<h1><span style=\"color: #ffffff;\">aroma touch<\/span><\/h1>\t\t\t\t\t\t\t\t<\/div>\n\t\t\t\t<\/div>\n\t\t\t\t\t<\/div>\n\t\t<\/div>\n\t\t\t\t\t<\/div>\n\t\t<\/section>\n\t\t\t\t<section class=\"elementor-section elementor-top-section elementor-element elementor-element-7619a25 elementor-section-boxed elementor-section-height-default elementor-section-height-default\" data-id=\"7619a25\" data-element_type=\"section\" data-e-type=\"section\">\n\t\t\t\t\t\t<div class=\"elementor-container elementor-column-gap-no\">\n\t\t\t\t\t<div class=\"elementor-column elementor-col-100 elementor-top-column elementor-element elementor-element-57f80f3\" data-id=\"57f80f3\" data-element_type=\"column\" data-e-type=\"column\">\n\t\t\t<div class=\"elementor-widget-wrap elementor-element-populated\">\n\t\t\t\t\t\t<div class=\"elementor-element elementor-element-3e8c86a elementor-widget elementor-widget-heading\" data-id=\"3e8c86a\" data-element_type=\"widget\" data-e-type=\"widget\" data-widget_type=\"heading.default\">\n\t\t\t\t<div class=\"elementor-widget-container\">\n\t\t\t\t\t<h2 class=\"elementor-heading-title elementor-size-default\">AROMA TOUCH<\/h2>\t\t\t\t<\/div>\n\t\t\t\t<\/div>\n\t\t\t\t<div class=\"elementor-element elementor-element-3a286e3 elementor-widget elementor-widget-text-editor\" data-id=\"3a286e3\" data-element_type=\"widget\" data-e-type=\"widget\" data-widget_type=\"text-editor.default\">\n\t\t\t\t<div class=\"elementor-widget-container\">\n\t\t\t\t\t\t\t\t\t<p>De AROMA TOUCH TECHNIQUE is een simpele, maar toch krachtige manier om elk individu essenti\u00eble oli\u00ebn te laten beleven. Deze vorm van AROMA THERAPIE is uiterst effectief op lichaam en geest.<\/p>\t\t\t\t\t\t\t\t<\/div>\n\t\t\t\t<\/div>\n\t\t\t\t\t<\/div>\n\t\t<\/div>\n\t\t\t\t\t<\/div>\n\t\t<\/section>\n\t\t\t\t<section class=\"elementor-section elementor-top-section elementor-element elementor-element-5f2f960 elementor-section-boxed elementor-section-height-default elementor-section-height-default\" data-id=\"5f2f960\" data-element_type=\"section\" data-e-type=\"section\">\n\t\t\t\t\t\t<div class=\"elementor-container elementor-column-gap-no\">\n\t\t\t\t\t<div class=\"elementor-column elementor-col-100 elementor-top-column elementor-element elementor-element-a11706c\" data-id=\"a11706c\" data-element_type=\"column\" data-e-type=\"column\">\n\t\t\t<div class=\"elementor-widget-wrap elementor-element-populated\">\n\t\t\t\t\t\t<section class=\"elementor-section elementor-inner-section elementor-element elementor-element-9d8bccc elementor-section-boxed elementor-section-height-default elementor-section-height-default\" data-id=\"9d8bccc\" data-element_type=\"section\" data-e-type=\"section\">\n\t\t\t\t\t\t<div class=\"elementor-container elementor-column-gap-default\">\n\t\t\t\t\t<div class=\"elementor-column elementor-col-50 elementor-inner-column elementor-element elementor-element-3386821\" data-id=\"3386821\" data-element_type=\"column\" data-e-type=\"column\">\n\t\t\t<div class=\"elementor-widget-wrap elementor-element-populated\">\n\t\t\t\t\t\t<div class=\"elementor-element elementor-element-bc563df elementor-widget elementor-widget-heading\" data-id=\"bc563df\" data-element_type=\"widget\" data-e-type=\"widget\" data-widget_type=\"heading.default\">\n\t\t\t\t<div class=\"elementor-widget-container\">\n\t\t\t\t\t<h2 class=\"elementor-heading-title elementor-size-default\">De AromaTouch Technique Oli\u00ebn<\/h2>\t\t\t\t<\/div>\n\t\t\t\t<\/div>\n\t\t\t\t<div class=\"elementor-element elementor-element-e09134e elementor-widget elementor-widget-text-editor\" data-id=\"e09134e\" data-element_type=\"widget\" data-e-type=\"widget\" data-widget_type=\"text-editor.default\">\n\t\t\t\t<div class=\"elementor-widget-container\">\n\t\t\t\t\t\t\t\t\t<p><strong>De AromaTouch Technique Oli\u00ebn: Krachtige Essenti\u00eble Oli\u00ebn voor Balans en Ontspanning<\/strong><\/p><p>De AromaTouch Technique maakt gebruik van zorgvuldig geselecteerde essenti\u00eble oli\u00ebn, die zijn gekozen om zowel hun individuele aromatische eigenschappen als hun krachtige, gecombineerde werking. Deze oli\u00ebn bevorderen niet alleen fysieke gezondheid, maar dragen ook bij aan emotioneel welzijn.<\/p><p>De AromaTouch Technique volgt specifieke richtlijnen voor dosering en aanbrengmethoden, wat het tot een veilige en effectieve manier maakt om optimaal te profiteren van de voordelen van essenti\u00eble oli\u00ebn. Dankzij de zachte benadering is deze techniek geschikt voor iedereen, inclusief mensen met een gevoelige huid of jonge kinderen. De oli\u00ebn kunnen eenvoudig worden aangepast om het comfort van de ontvanger te waarborgen, zodat je je geen zorgen hoeft te maken over overmatige toepassing.<\/p><p>Een belangrijke kanttekening is dat mensen die bloedverdunners via injecties gebruiken, de AromaTouch behandeling niet mogen ondergaan. Raadpleeg altijd een arts als je twijfelt over de geschiktheid van de behandeling voor jouw situatie.<\/p><p><strong>Aromatherapie en Ontspanning door de AromaTouch Technique<\/strong><\/p><p>De AromaTouch Technique biedt een diepe ervaring van aromatherapie, die zowel lichamelijke ontspanning als geestelijke rust bevordert. De behandeling is een weldaad voor het lichaam en de geest, met als doel een algehele balans te cre\u00ebren en de gezondheid te ondersteunen.<\/p>\t\t\t\t\t\t\t\t<\/div>\n\t\t\t\t<\/div>\n\t\t\t\t\t<\/div>\n\t\t<\/div>\n\t\t\t\t<div class=\"elementor-column elementor-col-50 elementor-inner-column elementor-element elementor-element-a61c481\" data-id=\"a61c481\" data-element_type=\"column\" data-e-type=\"column\">\n\t\t\t<div class=\"elementor-widget-wrap elementor-element-populated\">\n\t\t\t\t\t\t<div class=\"elementor-element elementor-element-ef7bcbd elementor-widget elementor-widget-image\" data-id=\"ef7bcbd\" data-element_type=\"widget\" data-e-type=\"widget\" data-widget_type=\"image.default\">\n\t\t\t\t<div class=\"elementor-widget-container\">\n\t\t\t\t\t\t\t\t\t\t\t\t\t\t\t<img fetchpriority=\"high\" decoding=\"async\" width=\"640\" height=\"416\" src=\"https:\/\/www.natuurlijknatasja.eu\/wp-content\/uploads\/2025\/12\/aroma-touch.jpg\" class=\"attachment-large size-large wp-image-1202\" alt=\"\" srcset=\"https:\/\/www.natuurlijknatasja.eu\/wp-content\/uploads\/2025\/12\/aroma-touch.jpg 640w, https:\/\/www.natuurlijknatasja.eu\/wp-content\/uploads\/2025\/12\/aroma-touch-300x195.jpg 300w\" sizes=\"(max-width: 640px) 100vw, 640px\" \/>\t\t\t\t\t\t\t\t\t\t\t\t\t\t\t<\/div>\n\t\t\t\t<\/div>\n\t\t\t\t\t<\/div>\n\t\t<\/div>\n\t\t\t\t\t<\/div>\n\t\t<\/section>\n\t\t\t\t\t<\/div>\n\t\t<\/div>\n\t\t\t\t\t<\/div>\n\t\t<\/section>\n\t\t\t\t<section class=\"elementor-section elementor-top-section elementor-element elementor-element-df1e340 elementor-section-boxed elementor-section-height-default elementor-section-height-default\" data-id=\"df1e340\" data-element_type=\"section\" data-e-type=\"section\">\n\t\t\t\t\t\t<div class=\"elementor-container elementor-column-gap-default\">\n\t\t\t\t\t<div class=\"elementor-column elementor-col-50 elementor-top-column elementor-element elementor-element-5490792\" data-id=\"5490792\" data-element_type=\"column\" data-e-type=\"column\">\n\t\t\t<div class=\"elementor-widget-wrap elementor-element-populated\">\n\t\t\t\t\t\t<div class=\"elementor-element elementor-element-9f2d31e elementor-widget elementor-widget-image\" data-id=\"9f2d31e\" data-element_type=\"widget\" data-e-type=\"widget\" data-widget_type=\"image.default\">\n\t\t\t\t<div class=\"elementor-widget-container\">\n\t\t\t\t\t\t\t\t\t\t\t\t\t\t\t<img decoding=\"async\" width=\"600\" height=\"600\" src=\"https:\/\/www.natuurlijknatasja.eu\/wp-content\/uploads\/2021\/04\/at-technique-massage-feet.jpg\" class=\"attachment-large size-large wp-image-737\" alt=\"\" srcset=\"https:\/\/www.natuurlijknatasja.eu\/wp-content\/uploads\/2021\/04\/at-technique-massage-feet.jpg 600w, https:\/\/www.natuurlijknatasja.eu\/wp-content\/uploads\/2021\/04\/at-technique-massage-feet-300x300.jpg 300w, https:\/\/www.natuurlijknatasja.eu\/wp-content\/uploads\/2021\/04\/at-technique-massage-feet-150x150.jpg 150w\" sizes=\"(max-width: 600px) 100vw, 600px\" \/>\t\t\t\t\t\t\t\t\t\t\t\t\t\t\t<\/div>\n\t\t\t\t<\/div>\n\t\t\t\t\t<\/div>\n\t\t<\/div>\n\t\t\t\t<div class=\"elementor-column elementor-col-50 elementor-top-column elementor-element elementor-element-648031d\" data-id=\"648031d\" data-element_type=\"column\" data-e-type=\"column\">\n\t\t\t<div class=\"elementor-widget-wrap elementor-element-populated\">\n\t\t\t\t\t\t<div class=\"elementor-element elementor-element-e8142fb elementor-widget elementor-widget-heading\" data-id=\"e8142fb\" data-element_type=\"widget\" data-e-type=\"widget\" data-widget_type=\"heading.default\">\n\t\t\t\t<div class=\"elementor-widget-container\">\n\t\t\t\t\t<h2 class=\"elementor-heading-title elementor-size-default\">De AromaTouch Technique Bewegingen<\/h2>\t\t\t\t<\/div>\n\t\t\t\t<\/div>\n\t\t\t\t<div class=\"elementor-element elementor-element-84f19c1 elementor-widget elementor-widget-text-editor\" data-id=\"84f19c1\" data-element_type=\"widget\" data-e-type=\"widget\" data-widget_type=\"text-editor.default\">\n\t\t\t\t<div class=\"elementor-widget-container\">\n\t\t\t\t\t\t\t\t\t<p><strong>Fysieke Aanraking en Verbinding<\/strong><\/p>\n<p>Fysieke aanraking speelt een cruciale rol in de AromaTouch Technique. Net zoals een handdruk of een knuffel een andere betekenis heeft, be\u00efnvloedt de manier waarop je essenti\u00eble oli\u00ebn aanbrengt ook de ervaring van de ontvanger. Bij de AromaTouch Technique gaat het niet alleen om het aanbrengen van oli\u00ebn op de huid, maar om het cre\u00ebren van een ervaring die het algehele welzijn van de persoon ondersteunt.<\/p>\n<p>De techniek combineert de kracht van aromatherapie met een betekenisvolle fysieke aanraking, wat bijdraagt aan het versterken van de emotionele verbinding tussen de ontvanger en de behandelaar. Dit cre\u00ebert een gevoel van vertrouwen en helpt de ontvanger zich volledig te ontspannen, zowel fysiek als emotioneel.<\/p>\t\t\t\t\t\t\t\t<\/div>\n\t\t\t\t<\/div>\n\t\t\t\t\t<\/div>\n\t\t<\/div>\n\t\t\t\t\t<\/div>\n\t\t<\/section>\n\t\t\t\t<\/div>\n\t\t","protected":false},"excerpt":{"rendered":"<p>aroma touch AROMA TOUCH De AROMA TOUCH TECHNIQUE is een simpele, maar toch krachtige manier om elk individu essenti\u00eble oli\u00ebn te laten beleven. Deze vorm van AROMA THERAPIE is uiterst effectief op lichaam en geest. De AromaTouch Technique Oli\u00ebn De AromaTouch Technique Oli\u00ebn: Krachtige Essenti\u00eble Oli\u00ebn voor Balans en Ontspanning De AromaTouch Technique maakt gebruik [&hellip;]<\/p>\n","protected":false},"author":1,"featured_media":0,"parent":0,"menu_order":0,"comment_status":"closed","ping_status":"closed","template":"","meta":{"site-sidebar-layout":"no-sidebar","site-content-layout":"page-builder","ast-site-content-layout":"","site-content-style":"default","site-sidebar-style":"default","ast-global-header-display":"","ast-banner-title-visibility":"","ast-main-header-display":"","ast-hfb-above-header-display":"","ast-hfb-below-header-display":"","ast-hfb-mobile-header-display":"","site-post-title":"disabled","ast-breadcrumbs-content":"","ast-featured-img":"","footer-sml-layout":"","theme-transparent-header-meta":"enabled","adv-header-id-meta":"","stick-header-meta":"","header-above-stick-meta":"","header-main-stick-meta":"","header-below-stick-meta":"","astra-migrate-meta-layouts":"default","ast-page-background-enabled":"default","ast-page-background-meta":{"desktop":{"background-color":"","background-image":"","background-repeat":"repeat","background-position":"center center","background-size":"auto","background-attachment":"scroll","background-type":"","background-media":"","overlay-type":"","overlay-color":"","overlay-opacity":"","overlay-gradient":""},"tablet":{"background-color":"","background-image":"","background-repeat":"repeat","background-position":"center center","background-size":"auto","background-attachment":"scroll","background-type":"","background-media":"","overlay-type":"","overlay-color":"","overlay-opacity":"","overlay-gradient":""},"mobile":{"background-color":"","background-image":"","background-repeat":"repeat","background-position":"center center","background-size":"auto","background-attachment":"scroll","background-type":"","background-media":"","overlay-type":"","overlay-color":"","overlay-opacity":"","overlay-gradient":""}},"ast-content-background-meta":{"desktop":{"background-color":"var(--ast-global-color-5)","background-image":"","background-repeat":"repeat","background-position":"center center","background-size":"auto","background-attachment":"scroll","background-type":"","background-media":"","overlay-type":"","overlay-color":"","overlay-opacity":"","overlay-gradient":""},"tablet":{"background-color":"var(--ast-global-color-5)","background-image":"","background-repeat":"repeat","background-position":"center center","background-size":"auto","background-attachment":"scroll","background-type":"","background-media":"","overlay-type":"","overlay-color":"","overlay-opacity":"","overlay-gradient":""},"mobile":{"background-color":"var(--ast-global-color-5)","background-image":"","background-repeat":"repeat","background-position":"center center","background-size":"auto","background-attachment":"scroll","background-type":"","background-media":"","overlay-type":"","overlay-color":"","overlay-opacity":"","overlay-gradient":""}},"footnotes":""},"class_list":["post-646","page","type-page","status-publish","hentry"],"yoast_head":"<!-- This site is optimized with the Yoast SEO plugin v26.4 - https:\/\/yoast.com\/wordpress\/plugins\/seo\/ -->\n<title>Aroma touch - Natuurlijk Natasja<\/title>\n<meta name=\"robots\" content=\"index, follow, max-snippet:-1, max-image-preview:large, max-video-preview:-1\" \/>\n<link rel=\"canonical\" href=\"https:\/\/www.natuurlijknatasja.eu\/?page_id=646\" \/>\n<meta property=\"og:locale\" content=\"nl_NL\" \/>\n<meta property=\"og:type\" content=\"article\" \/>\n<meta property=\"og:title\" content=\"Aroma touch - Natuurlijk Natasja\" \/>\n<meta property=\"og:description\" content=\"aroma touch AROMA TOUCH De AROMA TOUCH TECHNIQUE is een simpele, maar toch krachtige manier om elk individu essenti\u00eble oli\u00ebn te laten beleven. Deze vorm van AROMA THERAPIE is uiterst effectief op lichaam en geest. De AromaTouch Technique Oli\u00ebn De AromaTouch Technique Oli\u00ebn: Krachtige Essenti\u00eble Oli\u00ebn voor Balans en Ontspanning De AromaTouch Technique maakt gebruik [&hellip;]\" \/>\n<meta property=\"og:url\" content=\"https:\/\/www.natuurlijknatasja.eu\/?page_id=646\" \/>\n<meta property=\"og:site_name\" content=\"Natuurlijk Natasja\" \/>\n<meta property=\"article:modified_time\" content=\"2025-12-05T14:13:19+00:00\" \/>\n<meta property=\"og:image\" content=\"https:\/\/www.natuurlijknatasja.eu\/wp-content\/uploads\/2025\/12\/aroma-touch.jpg\" \/>\n<meta name=\"twitter:card\" content=\"summary_large_image\" \/>\n<meta name=\"twitter:label1\" content=\"Geschatte leestijd\" \/>\n\t<meta name=\"twitter:data1\" content=\"3 minuten\" \/>\n<script type=\"application\/ld+json\" class=\"yoast-schema-graph\">{\"@context\":\"https:\/\/schema.org\",\"@graph\":[{\"@type\":\"WebPage\",\"@id\":\"https:\/\/www.natuurlijknatasja.eu\/?page_id=646\",\"url\":\"https:\/\/www.natuurlijknatasja.eu\/?page_id=646\",\"name\":\"Aroma touch - Natuurlijk Natasja\",\"isPartOf\":{\"@id\":\"https:\/\/www.natuurlijknatasja.eu\/#website\"},\"primaryImageOfPage\":{\"@id\":\"https:\/\/www.natuurlijknatasja.eu\/?page_id=646#primaryimage\"},\"image\":{\"@id\":\"https:\/\/www.natuurlijknatasja.eu\/?page_id=646#primaryimage\"},\"thumbnailUrl\":\"https:\/\/www.natuurlijknatasja.eu\/wp-content\/uploads\/2025\/12\/aroma-touch.jpg\",\"datePublished\":\"2021-04-27T13:38:30+00:00\",\"dateModified\":\"2025-12-05T14:13:19+00:00\",\"breadcrumb\":{\"@id\":\"https:\/\/www.natuurlijknatasja.eu\/?page_id=646#breadcrumb\"},\"inLanguage\":\"nl-NL\",\"potentialAction\":[{\"@type\":\"ReadAction\",\"target\":[\"https:\/\/www.natuurlijknatasja.eu\/?page_id=646\"]}]},{\"@type\":\"ImageObject\",\"inLanguage\":\"nl-NL\",\"@id\":\"https:\/\/www.natuurlijknatasja.eu\/?page_id=646#primaryimage\",\"url\":\"https:\/\/www.natuurlijknatasja.eu\/wp-content\/uploads\/2025\/12\/aroma-touch.jpg\",\"contentUrl\":\"https:\/\/www.natuurlijknatasja.eu\/wp-content\/uploads\/2025\/12\/aroma-touch.jpg\",\"width\":640,\"height\":416},{\"@type\":\"BreadcrumbList\",\"@id\":\"https:\/\/www.natuurlijknatasja.eu\/?page_id=646#breadcrumb\",\"itemListElement\":[{\"@type\":\"ListItem\",\"position\":1,\"name\":\"Home\",\"item\":\"https:\/\/www.natuurlijknatasja.eu\/\"},{\"@type\":\"ListItem\",\"position\":2,\"name\":\"Aroma touch\"}]},{\"@type\":\"WebSite\",\"@id\":\"https:\/\/www.natuurlijknatasja.eu\/#website\",\"url\":\"https:\/\/www.natuurlijknatasja.eu\/\",\"name\":\"Natuurlijk Natasja\",\"description\":\"Ervaar weer Verlichting en Balans\",\"publisher\":{\"@id\":\"https:\/\/www.natuurlijknatasja.eu\/#\/schema\/person\/30c209b9e63a47ca7003fbb406a7bed2\"},\"potentialAction\":[{\"@type\":\"SearchAction\",\"target\":{\"@type\":\"EntryPoint\",\"urlTemplate\":\"https:\/\/www.natuurlijknatasja.eu\/?s={search_term_string}\"},\"query-input\":{\"@type\":\"PropertyValueSpecification\",\"valueRequired\":true,\"valueName\":\"search_term_string\"}}],\"inLanguage\":\"nl-NL\"},{\"@type\":[\"Person\",\"Organization\"],\"@id\":\"https:\/\/www.natuurlijknatasja.eu\/#\/schema\/person\/30c209b9e63a47ca7003fbb406a7bed2\",\"name\":\"info@natuurlijknatasja.eu\",\"image\":{\"@type\":\"ImageObject\",\"inLanguage\":\"nl-NL\",\"@id\":\"https:\/\/www.natuurlijknatasja.eu\/#\/schema\/person\/image\/\",\"url\":\"https:\/\/www.natuurlijknatasja.eu\/wp-content\/uploads\/2025\/03\/1036033D-5E94-4573-AF9F-6C51308AE10C.jpeg\",\"contentUrl\":\"https:\/\/www.natuurlijknatasja.eu\/wp-content\/uploads\/2025\/03\/1036033D-5E94-4573-AF9F-6C51308AE10C.jpeg\",\"width\":600,\"height\":506,\"caption\":\"info@natuurlijknatasja.eu\"},\"logo\":{\"@id\":\"https:\/\/www.natuurlijknatasja.eu\/#\/schema\/person\/image\/\"},\"sameAs\":[\"http:\/\/www.natuurlijknatasja.eu\"]}]}<\/script>\n<!-- \/ Yoast SEO plugin. -->","yoast_head_json":{"title":"Aroma touch - Natuurlijk Natasja","robots":{"index":"index","follow":"follow","max-snippet":"max-snippet:-1","max-image-preview":"max-image-preview:large","max-video-preview":"max-video-preview:-1"},"canonical":"https:\/\/www.natuurlijknatasja.eu\/?page_id=646","og_locale":"nl_NL","og_type":"article","og_title":"Aroma touch - Natuurlijk Natasja","og_description":"aroma touch AROMA TOUCH De AROMA TOUCH TECHNIQUE is een simpele, maar toch krachtige manier om elk individu essenti\u00eble oli\u00ebn te laten beleven. Deze vorm van AROMA THERAPIE is uiterst effectief op lichaam en geest. De AromaTouch Technique Oli\u00ebn De AromaTouch Technique Oli\u00ebn: Krachtige Essenti\u00eble Oli\u00ebn voor Balans en Ontspanning De AromaTouch Technique maakt gebruik [&hellip;]","og_url":"https:\/\/www.natuurlijknatasja.eu\/?page_id=646","og_site_name":"Natuurlijk Natasja","article_modified_time":"2025-12-05T14:13:19+00:00","og_image":[{"url":"https:\/\/www.natuurlijknatasja.eu\/wp-content\/uploads\/2025\/12\/aroma-touch.jpg","type":"","width":"","height":""}],"twitter_card":"summary_large_image","twitter_misc":{"Geschatte leestijd":"3 minuten"},"schema":{"@context":"https:\/\/schema.org","@graph":[{"@type":"WebPage","@id":"https:\/\/www.natuurlijknatasja.eu\/?page_id=646","url":"https:\/\/www.natuurlijknatasja.eu\/?page_id=646","name":"Aroma touch - Natuurlijk Natasja","isPartOf":{"@id":"https:\/\/www.natuurlijknatasja.eu\/#website"},"primaryImageOfPage":{"@id":"https:\/\/www.natuurlijknatasja.eu\/?page_id=646#primaryimage"},"image":{"@id":"https:\/\/www.natuurlijknatasja.eu\/?page_id=646#primaryimage"},"thumbnailUrl":"https:\/\/www.natuurlijknatasja.eu\/wp-content\/uploads\/2025\/12\/aroma-touch.jpg","datePublished":"2021-04-27T13:38:30+00:00","dateModified":"2025-12-05T14:13:19+00:00","breadcrumb":{"@id":"https:\/\/www.natuurlijknatasja.eu\/?page_id=646#breadcrumb"},"inLanguage":"nl-NL","potentialAction":[{"@type":"ReadAction","target":["https:\/\/www.natuurlijknatasja.eu\/?page_id=646"]}]},{"@type":"ImageObject","inLanguage":"nl-NL","@id":"https:\/\/www.natuurlijknatasja.eu\/?page_id=646#primaryimage","url":"https:\/\/www.natuurlijknatasja.eu\/wp-content\/uploads\/2025\/12\/aroma-touch.jpg","contentUrl":"https:\/\/www.natuurlijknatasja.eu\/wp-content\/uploads\/2025\/12\/aroma-touch.jpg","width":640,"height":416},{"@type":"BreadcrumbList","@id":"https:\/\/www.natuurlijknatasja.eu\/?page_id=646#breadcrumb","itemListElement":[{"@type":"ListItem","position":1,"name":"Home","item":"https:\/\/www.natuurlijknatasja.eu\/"},{"@type":"ListItem","position":2,"name":"Aroma touch"}]},{"@type":"WebSite","@id":"https:\/\/www.natuurlijknatasja.eu\/#website","url":"https:\/\/www.natuurlijknatasja.eu\/","name":"Natuurlijk Natasja","description":"Ervaar weer Verlichting en Balans","publisher":{"@id":"https:\/\/www.natuurlijknatasja.eu\/#\/schema\/person\/30c209b9e63a47ca7003fbb406a7bed2"},"potentialAction":[{"@type":"SearchAction","target":{"@type":"EntryPoint","urlTemplate":"https:\/\/www.natuurlijknatasja.eu\/?s={search_term_string}"},"query-input":{"@type":"PropertyValueSpecification","valueRequired":true,"valueName":"search_term_string"}}],"inLanguage":"nl-NL"},{"@type":["Person","Organization"],"@id":"https:\/\/www.natuurlijknatasja.eu\/#\/schema\/person\/30c209b9e63a47ca7003fbb406a7bed2","name":"info@natuurlijknatasja.eu","image":{"@type":"ImageObject","inLanguage":"nl-NL","@id":"https:\/\/www.natuurlijknatasja.eu\/#\/schema\/person\/image\/","url":"https:\/\/www.natuurlijknatasja.eu\/wp-content\/uploads\/2025\/03\/1036033D-5E94-4573-AF9F-6C51308AE10C.jpeg","contentUrl":"https:\/\/www.natuurlijknatasja.eu\/wp-content\/uploads\/2025\/03\/1036033D-5E94-4573-AF9F-6C51308AE10C.jpeg","width":600,"height":506,"caption":"info@natuurlijknatasja.eu"},"logo":{"@id":"https:\/\/www.natuurlijknatasja.eu\/#\/schema\/person\/image\/"},"sameAs":["http:\/\/www.natuurlijknatasja.eu"]}]}},"_links":{"self":[{"href":"https:\/\/www.natuurlijknatasja.eu\/index.php?rest_route=\/wp\/v2\/pages\/646","targetHints":{"allow":["GET"]}}],"collection":[{"href":"https:\/\/www.natuurlijknatasja.eu\/index.php?rest_route=\/wp\/v2\/pages"}],"about":[{"href":"https:\/\/www.natuurlijknatasja.eu\/index.php?rest_route=\/wp\/v2\/types\/page"}],"author":[{"embeddable":true,"href":"https:\/\/www.natuurlijknatasja.eu\/index.php?rest_route=\/wp\/v2\/users\/1"}],"replies":[{"embeddable":true,"href":"https:\/\/www.natuurlijknatasja.eu\/index.php?rest_route=%2Fwp%2Fv2%2Fcomments&post=646"}],"version-history":[{"count":115,"href":"https:\/\/www.natuurlijknatasja.eu\/index.php?rest_route=\/wp\/v2\/pages\/646\/revisions"}],"predecessor-version":[{"id":1339,"href":"https:\/\/www.natuurlijknatasja.eu\/index.php?rest_route=\/wp\/v2\/pages\/646\/revisions\/1339"}],"wp:attachment":[{"href":"https:\/\/www.natuurlijknatasja.eu\/index.php?rest_route=%2Fwp%2Fv2%2Fmedia&parent=646"}],"curies":[{"name":"wp","href":"https:\/\/api.w.org\/{rel}","templated":true}]}}